NOAA-Style Climate Reports



Report for 2024 June

Daily noaa report



                            MONTHLY CLIMATOLOGICAL SUMMARY for JUN. 2024

NAME: PlanoWeather.com   CITY: Plano STATE: Texas
ELEV: 761 LAT: 033:06:15 LONG: 0096:45:06

                            TEMPERATURE ( °F), RAIN (in.), WIND SPEED (mph)

                                               HEAT     COOL           AVG
      MEAN                                     DEG      DEG            WIND                       DOM
DAY   TEMP    HIGH   TIME     LOW    TIME      DAYS     DAYS    RAIN   SPEED    HIGH    TIME      DIR
--------------------------------------------------------------------------------------------------------
01    72.4   078.6   11:52    68.4   14:37     00.0     07.5   00.92   02.9     13.8    06:12      SE
02    71.7   085.0   14:04    66.5   18:39     00.0     06.8   01.50   05.2     35.6    17:04     ESE
03    73.6   089.4   14:52    66.7   01:30     00.0     08.7   00.63   07.3     31.1    15:47      SE
04    78.1   091.3   15:52    65.3   07:52     00.0     13.1   00.16   09.2     26.4    17:44     SSE
05    77.8   090.7   17:06    66.8   04:40     00.0     12.8   01.13   05.3     41.4    02:19      N 
06    82.1   094.9   16:16    67.6   04:24     00.0     17.1   00.00   02.9     13.8    19:29     ESE
07    85.0   094.9   16:41    73.6   05:26     00.0     20.1   00.00   06.0     21.9    23:02     SSE
08    87.2   097.4   16:38    78.4   05:25     00.0     22.3   00.00   08.9     26.4    14:04      S 
09    85.7   095.2   17:37    75.3   06:56     00.0     20.7   00.00   05.6     20.7    02:49      S 
10    77.5   082.8   15:18    74.0   00:00     00.0     12.5   00.00   03.7     14.9    18:00      NE
11    75.9   083.1   15:07    71.3   05:26     00.0     10.9   00.06   03.6     14.9    09:05     ESE
--------------------------------------------------------------------------------------------------------
78.8 (79.9)   97.4  day 08     65.3  day 04   000.0    152.5   04.40   05.5     41.4   day 02      SE
Max >  86: 7
Min <  86: 11
Max Rain: 1.50 ON 2-06-24
Days of Rain: 6 (> .008in) 5 (> .08in) 3 (> 0.8in)