NOAA-Style Climate Reports



Report for 2024 February

Daily noaa report



                            MONTHLY CLIMATOLOGICAL SUMMARY for FEB. 2024

NAME: PlanoWeather.com   CITY: Plano STATE: Texas
ELEV: 761 LAT: 033:06:15 LONG: 0096:45:06

                            TEMPERATURE ( °F), RAIN (in.), WIND SPEED (mph)

                                               HEAT     COOL           AVG
      MEAN                                     DEG      DEG            WIND                       DOM
DAY   TEMP    HIGH   TIME     LOW    TIME      DAYS     DAYS    RAIN   SPEED    HIGH    TIME      DIR
--------------------------------------------------------------------------------------------------------
01    62.4   073.1   15:19    51.5   06:54     02.5     00.0   00.00   08.3     28.8    17:02      SE
02    59.8   065.1   14:26    53.3   00:00     05.1     00.0   00.55   08.4     28.8    23:19     ESE
03    56.2   066.7   16:05    52.1   06:24     08.8     00.0   00.20   06.4     25.3    11:31      E 
04    53.1   062.2   14:03    47.8   08:26     11.8     00.0   00.03   08.0     25.3    19:41      NW
05    52.2   061.3   16:08    45.6   09:09     12.7     00.0   00.01   07.9     23.0    08:58      NW
06    54.1   068.7   15:48    39.8   07:31     10.9     00.0   00.00   03.2     09.2    16:31     ENE
07    58.6   067.8   14:36    49.1   08:02     06.4     00.0   00.00   08.5     26.4    13:43     ESE
08    62.5   069.5   12:03    55.6   00:00     02.4     00.0   00.00   07.3     21.9    01:31     SSE
09    62.0   072.2   12:43    52.7   07:53     03.0     00.0   00.00   04.5     19.6    13:08      S 
10    54.1   060.1   00:02    49.7   11:33     10.8     00.0   00.33   04.1     17.3    15:56     ENE
11    45.3   051.0   00:09    38.4   00:00     19.7     00.0   00.75   07.5     20.7    22:40     NNW
12    44.0   054.0   16:36    36.0   01:51     20.9     00.0   00.01   08.9     26.4    05:23     WNW
13    50.3   065.1   15:04    36.5   04:34     14.7     00.0   00.00   04.3     17.3    11:51     SSE
14    56.8   068.9   13:59    43.4   07:24     08.1     00.0   00.00   08.5     25.3    17:01     SSE
15    61.2   070.8   15:49    53.8   06:31     03.7     00.0   00.00   06.5     19.6    23:51     SSE
16    57.0   069.0   12:13    39.0   00:00     07.9     00.0   00.00   09.3     28.8    23:01     WNW
17    36.7   042.5   13:49    31.5   08:03     28.3     00.0   00.00   09.3     31.1    05:51     NNW
18    39.3   053.3   16:29    26.7   07:02     25.7     00.0   00.00   03.6     12.7    12:46     WSW
19    51.7   066.9   16:24    36.7   05:34     13.2     00.0   00.00   07.6     28.8    11:45     SSE
20    63.2   080.4   15:44    45.0   07:38     01.7     00.0   00.00   07.1     26.4    16:43     SSE
21    67.5   081.1   15:01    56.1   07:17     00.0     02.6   00.00   11.0     34.5    18:13     SSE
22    68.2   078.8   14:56    60.7   00:00     00.0     03.3   00.00   09.8     32.2    00:26      SW
23    61.1   070.7   15:28    49.9   07:23     03.8     00.0   00.00   06.7     23.0    15:15     WNW
--------------------------------------------------------------------------------------------------------
55.5 (55.9)   81.1  day 21     26.7  day 18   222.1    005.9   01.88   07.2     34.5   day 21     SSE
Min <  86: 23
Max Rain: 0.75 ON 11-02-24
Days of Rain: 7 (> .008in) 4 (> .08in) 0 (> 0.8in)